-- https://www.phpmyadmin.net/
--
-- Servidor: 127.0.0.1
-- Tiempo de generación: 31-08-2024 a las 06:18:32
-- Versión del servidor: 10.4.32-MariaDB
-- Versión de PHP: 8.2.12

START TRANSACTION;



--
-- Base de datos: `sistema_inscripcion_deportes`
--

-- --------------------------------------------------------

--
-- Estructura de tabla para la tabla `delegados`
--

CREATE TABLE `delegados` (
  `id` bigint(20) UNSIGNED NOT NULL,
  `name` varchar(200) NOT NULL,
  `code` varchar(6) NOT NULL,
  `dni` varchar(8) NOT NULL,
  `phone_number` varchar(50) NOT NULL,
  `escuela_id` bigint(20) UNSIGNED NOT NULL,
  `deporte_id` bigint(20) UNSIGNED NOT NULL DEFAULT 0,
  `user_id` bigint(20) UNSIGNED NOT NULL DEFAULT 0,
  `created_at` timestamp NULL DEFAULT NULL,
  `updated_at` timestamp NULL DEFAULT NULL
) ENGINE=InnoDB DEFAULT CHARSET=utf8mb4 COLLATE=utf8mb4_general_ci;

-- --------------------------------------------------------

--
-- Estructura de tabla para la tabla `deportes`
--

CREATE TABLE `deportes` (
  `id` bigint(20) UNSIGNED NOT NULL,
  `name` varchar(255) NOT NULL,
  `image` varchar(255) DEFAULT NULL,
  `num_max_players` varchar(255) NOT NULL,
  `order` int(11) NOT NULL DEFAULT 0,
  `fecha_limite` timestamp NOT NULL DEFAULT current_timestamp() ON UPDATE current_timestamp(),
  `created_at` timestamp NULL DEFAULT NULL,
  `updated_at` timestamp NULL DEFAULT NULL
) ENGINE=InnoDB DEFAULT CHARSET=utf8mb4 COLLATE=utf8mb4_unicode_ci;

--
-- Volcado de datos para la tabla `deportes`
--

INSERT INTO `deportes` (`id`, `name`, `image`, `num_max_players`, `order`, `fecha_limite`, `created_at`, `updated_at`) VALUES
(1, 'sed', 'deporte.jpg', '11', 2, '2024-10-12 20:33:32', '2023-05-04 03:51:49', '2023-05-04 03:51:49'),
(21, 'testing testing', 'deporte.jpg', '5', 1, '2024-09-18 03:56:13', NULL, NULL);

-- --------------------------------------------------------

--
-- Estructura de tabla para la tabla `escuelas`
--

CREATE TABLE `escuelas` (
  `id` bigint(20) UNSIGNED NOT NULL,
  `name` varchar(255) NOT NULL,
  `facultad_id` bigint(20) UNSIGNED NOT NULL,
  `created_at` timestamp NULL DEFAULT NULL,
  `updated_at` timestamp NULL DEFAULT NULL
) ENGINE=InnoDB DEFAULT CHARSET=utf8mb4 COLLATE=utf8mb4_unicode_ci;

--
-- Volcado de datos para la tabla `escuelas`
--

INSERT INTO `escuelas` (`id`, `name`, `facultad_id`, `created_at`, `updated_at`) VALUES
(1, 'Escuela Profesional de Ingeniería Agrícola', 1, '2024-08-31 03:05:53', '2024-08-31 03:05:53'),
(2, 'Escuela Profesional de Ingeniería Civil', 2, '2024-08-31 03:05:53', '2024-08-31 03:05:53'),
(3, 'Escuela Profesional de Arquitectura y Urbanismo', 2, '2024-08-31 03:05:53', '2024-08-31 03:05:53'),
(4, 'Escuela Profesional de Ciencias Físico Matemáticas', 2, '2024-08-31 03:05:53', '2024-08-31 03:05:53'),
(5, 'Escuela Profesional de Ingeniería Económica', 3, '2024-08-31 03:05:53', '2024-08-31 03:05:53'),
(6, 'Escuela Profesional de Ingeniería Estadística e Informática', 4, '2024-08-31 03:05:53', '2024-08-31 03:05:53'),
(7, 'Escuela Profesional de Ingeniería Geológica', 5, '2024-08-31 03:05:53', '2024-08-31 03:05:53'),
(8, 'Escuela Profesional de Ingeniería Metalúrgica', 5, '2024-08-31 03:05:53', '2024-08-31 03:05:53'),
(9, 'Escuela Profesional de Ingeniería Electrónica', 6, '2024-08-31 03:05:53', '2024-08-31 03:05:53'),
(10, 'Escuela Profesional de Ingeniería Mecánica Eléctrica', 6, '2024-08-31 03:05:53', '2024-08-31 03:05:53'),
(11, 'Escuela Profesional de Ingeniería de Sistemas', 6, '2024-08-31 03:05:53', '2024-08-31 03:05:53'),
(12, 'Escuela Profesional de Ingenieria de Minas', 7, '2024-08-31 03:05:53', '2024-08-31 03:05:53'),
(13, 'Escuela Profesional de Ingeniería Química', 8, '2024-08-31 03:05:53', '2024-08-31 03:05:53'),
(14, 'Escuela Profesional de Ciencias Biológicas', 9, '2024-08-31 03:05:53', '2024-08-31 03:05:53'),
(15, 'Escuela Profesional de Nutrición Humana', 10, '2024-08-31 03:05:53', '2024-08-31 03:05:53'),
(16, 'Escuela Profesional de Odontología', 10, '2024-08-31 03:05:53', '2024-08-31 03:05:53'),
(17, 'Escuela Profesional de Enfermería', 11, '2024-08-31 03:05:53', '2024-08-31 03:05:53'),
(18, 'Escuela Profesional de Medicina Humana', 12, '2024-08-31 03:05:53', '2024-08-31 03:05:53'),
(19, 'Escuela Profesional de Medicina Veterinaria y Zootecnia\r\n', 13, '2024-08-31 03:05:53', '2024-08-31 03:05:53'),
(20, 'Escuela Profesional de Ciencias Contables', 14, '2024-08-31 03:05:53', '2024-08-31 03:05:53'),
(21, 'Escuela Profesional de Administración', 14, '2024-08-31 03:05:53', '2024-08-31 03:05:53'),
(22, 'Escuela Profesional de Física', 15, '2024-08-31 03:05:53', '2024-08-31 03:05:53'),
(23, 'Escuela Profesional de Inicial', 15, '2024-08-31 03:05:53', '2024-08-31 03:05:53'),
(24, 'Escuela Profesional de Primaria', 15, '2024-08-31 03:05:53', '2024-08-31 03:05:53'),
(25, 'Escuela Profesional de Secundaria', 15, '2024-08-31 03:05:53', '2024-08-31 03:05:53'),
(26, 'Escuela Profesional de Derecho', 16, '2024-08-31 03:05:53', '2024-08-31 03:05:53'),
(27, 'Escuela Profesional de Antropología', 17, '2024-08-31 03:05:53', '2024-08-31 03:05:53'),
(28, 'Escuela Profesional de Arte', 17, '2024-08-31 03:05:53', '2024-08-31 03:05:53'),
(29, 'Escuela Profesional de Ciencias de la Comunicación Social', 17, '2024-08-31 03:05:53', '2024-08-31 03:05:53'),
(30, 'Escuela Profesional de Sociología', 17, '2024-08-31 03:05:53', '2024-08-31 03:05:53'),
(31, 'Escuela Profesional de Turismo', 17, '2024-08-31 03:05:53', '2024-08-31 03:05:53'),
(32, 'Escuela Profesional de Psicología', 17, '2024-08-31 03:05:53', '2024-08-31 03:05:53'),
(33, 'Escuela Profesional de Trabajo Social', 18, '2024-08-31 03:05:53', '2024-08-31 03:05:53'),
(34, 'Escuela Profesional de Ingeniería Agronómica', 19, '2024-08-31 03:05:53', '2024-08-31 03:05:53'),
(35, 'Escuela Profesional de Ingeniería Agroindustrial', 19, '2024-08-31 03:05:53', '2024-08-31 03:05:53'),
(36, 'Escuela Profesional de Ingeniería Topográfica y Agrimensura', 19, '2024-08-31 03:05:53', '2024-08-31 03:05:53');

-- --------------------------------------------------------

--
-- Estructura de tabla para la tabla `estados`
--

CREATE TABLE `estados` (
  `id` bigint(20) UNSIGNED NOT NULL,
  `name` varchar(255) NOT NULL,
  `created_at` timestamp NULL DEFAULT NULL,
  `updated_at` timestamp NULL DEFAULT NULL
) ENGINE=InnoDB DEFAULT CHARSET=utf8mb4 COLLATE=utf8mb4_unicode_ci;

--
-- Volcado de datos para la tabla `estados`
--

INSERT INTO `estados` (`id`, `name`, `created_at`, `updated_at`) VALUES
(1, 'inscrito', NULL, NULL),
(2, 'eliminado', NULL, NULL),
(3, 'activo', NULL, NULL);

-- --------------------------------------------------------

--
-- Estructura de tabla para la tabla `facultades`
--

CREATE TABLE `facultades` (
  `id` bigint(20) UNSIGNED NOT NULL,
  `sigla` varchar(255) NOT NULL,
  `name` varchar(255) NOT NULL,
  `created_at` timestamp NULL DEFAULT NULL,
  `updated_at` timestamp NULL DEFAULT NULL
) ENGINE=InnoDB DEFAULT CHARSET=utf8mb4 COLLATE=utf8mb4_unicode_ci;

--
-- Volcado de datos para la tabla `facultades`
--

INSERT INTO `facultades` (`id`, `sigla`, `name`, `created_at`, `updated_at`) VALUES
(1, 'FIA', 'FACULTAD DE INGENIERIA AGRICOLA', '2024-08-31 02:50:53', '2024-08-31 02:50:53'),
(2, 'FICA', 'FACULTAD DE INGENIERIA CIVIL Y ARQUITECTURA', '2024-08-31 02:52:01', '2024-08-31 02:52:01'),
(3, 'FIE', 'FACULTAD DE INGENIERIA ECONOMICA', '2024-08-31 02:52:01', '2024-08-31 02:52:01'),
(4, 'FINESI', 'FACULTAD DE INGENIERIA ESTADISTICA E INFORMATICA', '2024-08-31 02:52:01', '2024-08-31 02:52:01'),
(5, 'FIGIM', 'FACULTAD DE INGENIERIA GEOLOGICA Y METALURGICA', '2024-08-31 02:52:01', '2024-08-31 02:52:01'),
(6, 'FIMEES', 'FACULTAD DE INGENIERIA MECANICA ELECTRICA, ELECTRONICA Y SISTEMAS', '2024-08-31 02:52:01', '2024-08-31 02:52:01'),
(7, 'FIM', 'FACULTAD DE INGENIERIA DE MINAS', '2024-08-31 02:52:01', '2024-08-31 02:52:01'),
(8, 'FIG', 'FACULTAD DE INGENIERIA QUIMICA', '2024-08-31 02:52:01', '2024-08-31 02:52:01'),
(9, 'FCCBB', 'FACULTAD DE CIENCIAS BIOLOGICAS', '2024-08-31 02:52:01', '2024-08-31 02:52:01'),
(10, 'FCDS', 'FACULTAD DE CIENCIAS DE LA SALUD', '2024-08-31 02:52:01', '2024-08-31 02:52:01'),
(11, 'FE', 'FACULTAD DE ENFERMERIA', '2024-08-31 02:52:01', '2024-08-31 02:52:01'),
(12, 'FMH', 'FACULTAD DE MEDICINA HUMANA', '2024-08-31 02:52:01', '2024-08-31 02:52:01'),
(13, 'FMVZ', 'FACULTAD DE MEDICINA VETERINARIA Y ZOOTECNIA', '2024-08-31 02:52:01', '2024-08-31 02:52:01'),
(14, 'FCCA', 'FACULTAD DE CIENCIAS CONTABLES Y ADMINISTRATIVAS', '2024-08-31 02:52:01', '2024-08-31 02:52:01'),
(15, 'FCEDU', 'FACULTAD DE CIENCIAS DE LA EDUCACIÓN', '2024-08-31 02:52:01', '2024-08-31 02:52:01'),
(16, 'FCJP', 'FACULTAD DE CIENCIAS JURIDICAS Y POLITICAS', '2024-08-31 02:52:01', '2024-08-31 02:52:01'),
(17, 'FCS', 'FACULTAD DE CIENCIAS SOCIALES', '2024-08-31 02:52:01', '2024-08-31 02:52:01'),
(18, 'FTS', 'FACULTAD DE TRABAJO SOCIAL', '2024-08-31 02:52:01', '2024-08-31 02:52:01'),
(19, 'FCA', 'FACULTAD DE CIENCIAS AGRARIAS', '2024-08-31 02:52:01', '2024-08-31 02:52:01');

-- --------------------------------------------------------

--
-- Estructura de tabla para la tabla `inscritos`
--

CREATE TABLE `inscritos` (
  `id` bigint(20) UNSIGNED NOT NULL,
  `codigo` varchar(255) NOT NULL,
  `name` varchar(255) NOT NULL,
  `ap_paterno` varchar(255) NOT NULL,
  `ap_materno` varchar(255) NOT NULL,
  `dni` varchar(20) NOT NULL,
  `user_id` bigint(20) UNSIGNED NOT NULL,
  `escuela_id` bigint(20) UNSIGNED NOT NULL,
  `deporte_id` bigint(20) UNSIGNED NOT NULL,
  `estado_id` bigint(20) UNSIGNED NOT NULL,
  `deleted_at` timestamp NULL DEFAULT NULL,
  `created_at` timestamp NULL DEFAULT NULL,
  `updated_at` timestamp NULL DEFAULT NULL
) ENGINE=InnoDB DEFAULT CHARSET=utf8mb4 COLLATE=utf8mb4_unicode_ci;

-- --------------------------------------------------------

--
-- Estructura de tabla para la tabla `migrations`
--

CREATE TABLE `migrations` (
  `id` int(10) UNSIGNED NOT NULL,
  `migration` varchar(255) NOT NULL,
  `batch` int(11) NOT NULL
) ENGINE=InnoDB DEFAULT CHARSET=utf8mb4 COLLATE=utf8mb4_unicode_ci;

--
-- Volcado de datos para la tabla `migrations`
--

INSERT INTO `migrations` (`id`, `migration`, `batch`) VALUES
(1, '2019_12_14_000001_create_personal_access_tokens_table', 1),
(2, '2023_05_03_000505_create_facultades_table', 1),
(3, '2023_05_03_000533_create_escuelas_table', 1),
(4, '2023_05_03_001230_create_tipos_table', 1),
(5, '2023_05_03_002303_create_users_table', 1),
(6, '2023_05_03_122821_create_roles_table', 2),
(7, '2023_05_03_122830_create_estados_table', 2),
(9, '2023_05_03_122836_create_accesos_table', 3),
(10, '2023_05_03_172828_create_deportes_table', 4),
(13, '2023_05_03_172840_create_inscritos_table', 5);

-- --------------------------------------------------------

--
-- Estructura de tabla para la tabla `permissions`
--

CREATE TABLE `permissions` (
  `id` bigint(20) UNSIGNED NOT NULL,
  `name` varchar(255) NOT NULL,
  `route_name` varchar(255) NOT NULL,
  `created_at` timestamp NULL DEFAULT NULL,
  `updated_at` timestamp NULL DEFAULT NULL
) ENGINE=InnoDB DEFAULT CHARSET=utf8mb4 COLLATE=utf8mb4_unicode_ci;

--
-- Volcado de datos para la tabla `permissions`
--

INSERT INTO `permissions` (`id`, `name`, `route_name`, `created_at`, `updated_at`) VALUES
(1, 'Inscripción Judadores', 'inscription.index', NULL, NULL),
(2, 'Reporte de Jugadores', 'reporte_jugadores.index', NULL, NULL),
(3, 'Inscripción Delegados', 'delegado.index', NULL, NULL);

-- --------------------------------------------------------

--
-- Estructura de tabla para la tabla `permission_role`
--

CREATE TABLE `permission_role` (
  `id` bigint(20) UNSIGNED NOT NULL,
  `role_id` bigint(20) UNSIGNED NOT NULL DEFAULT 0,
  `permission_id` bigint(20) UNSIGNED NOT NULL DEFAULT 0,
  `state_id` bigint(20) UNSIGNED NOT NULL,
  `created_at` timestamp NULL DEFAULT NULL,
  `updated_at` timestamp NULL DEFAULT NULL
) ENGINE=InnoDB DEFAULT CHARSET=utf8mb4 COLLATE=utf8mb4_general_ci;

--
-- Volcado de datos para la tabla `permission_role`
--

INSERT INTO `permission_role` (`id`, `role_id`, `permission_id`, `state_id`, `created_at`, `updated_at`) VALUES
(1, 1, 1, 3, NULL, NULL),
(2, 1, 3, 3, NULL, NULL),
(3, 2, 2, 3, NULL, NULL);

-- --------------------------------------------------------

--
-- Estructura de tabla para la tabla `roles`
--

CREATE TABLE `roles` (
  `id` bigint(20) UNSIGNED NOT NULL,
  `name` varchar(255) NOT NULL,
  `created_at` timestamp NULL DEFAULT NULL,
  `updated_at` timestamp NULL DEFAULT NULL
) ENGINE=InnoDB DEFAULT CHARSET=utf8mb4 COLLATE=utf8mb4_unicode_ci;

--
-- Volcado de datos para la tabla `roles`
--

INSERT INTO `roles` (`id`, `name`, `created_at`, `updated_at`) VALUES
(1, 'delegado', NULL, NULL),
(2, 'organizador', NULL, NULL);

-- --------------------------------------------------------

--
-- Estructura de tabla para la tabla `role_user`
--

CREATE TABLE `role_user` (
  `id` int(11) NOT NULL,
  `user_id` bigint(20) UNSIGNED NOT NULL DEFAULT 0,
  `role_id` bigint(20) UNSIGNED NOT NULL
) ENGINE=InnoDB DEFAULT CHARSET=utf8mb4 COLLATE=utf8mb4_general_ci;

--
-- Volcado de datos para la tabla `role_user`
--

INSERT INTO `role_user` (`id`, `user_id`, `role_id`) VALUES
(3, 1, 1),
(4, 2, 1),
(5, 3, 1),
(6, 4, 1),
(7, 5, 1),
(8, 6, 1),
(9, 7, 1),
(10, 8, 1),
(11, 9, 1),
(12, 10, 1),
(13, 11, 1),
(14, 12, 1),
(15, 13, 1),
(16, 14, 1),
(17, 15, 1),
(18, 16, 1),
(19, 17, 1),
(20, 18, 1),
(21, 19, 1),
(22, 20, 1),
(23, 21, 1),
(24, 22, 1),
(25, 23, 1),
(26, 24, 1),
(27, 25, 1),
(28, 26, 1),
(29, 27, 1),
(30, 28, 1),
(31, 29, 1),
(32, 30, 1),
(33, 31, 1),
(34, 32, 1),
(35, 33, 1),
(36, 34, 1),
(37, 35, 1),
(38, 36, 1);

--
-- Índices para tablas volcadas
--

--
-- Indices de la tabla `delegados`
--
ALTER TABLE `delegados`
  ADD PRIMARY KEY (`id`),
  ADD KEY `delegados_deporte_id` (`deporte_id`),
  ADD KEY `delegados_escuela_id` (`escuela_id`),
  ADD KEY `delegados_user_id` (`user_id`);

--
-- Indices de la tabla `deportes`
--
ALTER TABLE `deportes`
  ADD PRIMARY KEY (`id`);

--
-- Indices de la tabla `escuelas`
--
ALTER TABLE `escuelas`
  ADD PRIMARY KEY (`id`),
  ADD KEY `escuelas_facultad_id_foreign` (`facultad_id`);

--
-- Indices de la tabla `estados`
--
ALTER TABLE `estados`
  ADD PRIMARY KEY (`id`);

--
-- Indices de la tabla `facultades`
--
ALTER TABLE `facultades`
  ADD PRIMARY KEY (`id`);

--
-- Indices de la tabla `inscritos`
--
ALTER TABLE `inscritos`
  ADD PRIMARY KEY (`id`),
  ADD KEY `inscritos_user_id_foreign` (`user_id`),
  ADD KEY `inscritos_escuela_id_foreign` (`escuela_id`),
  ADD KEY `inscritos_deporte_id_foreign` (`deporte_id`),
  ADD KEY `inscritos_estado_id_foreign` (`estado_id`);

--
-- Indices de la tabla `migrations`
--
ALTER TABLE `migrations`
  ADD PRIMARY KEY (`id`);

--
-- Indices de la tabla `permissions`
--
ALTER TABLE `permissions`
  ADD PRIMARY KEY (`id`);

--
-- Indices de la tabla `permission_role`
--
ALTER TABLE `permission_role`
  ADD PRIMARY KEY (`id`),
  ADD KEY `role_id_fk1` (`role_id`),
  ADD KEY `permission_id_fk1` (`permission_id`),
  ADD KEY `state_id_fk1` (`state_id`);

--
-- Indices de la tabla `roles`
--
ALTER TABLE `roles`
  ADD PRIMARY KEY (`id`);

--
-- Indices de la tabla `role_user`
--
ALTER TABLE `role_user`
  ADD PRIMARY KEY (`id`),
  ADD KEY `user_id_fk` (`user_id`),
  ADD KEY `role_id_fk` (`role_id`);

--
-- AUTO_INCREMENT de las tablas volcadas
--

--
-- AUTO_INCREMENT de la tabla `delegados`
--
ALTER TABLE `delegados`
  MODIFY `id` bigint(20) UNSIGNED NOT NULL AUTO_INCREMENT, AUTO_INCREMENT=8;

--
-- AUTO_INCREMENT de la tabla `deportes`
--
ALTER TABLE `deportes`
  MODIFY `id` bigint(20) UNSIGNED NOT NULL AUTO_INCREMENT, AUTO_INCREMENT=22;

--
-- AUTO_INCREMENT de la tabla `escuelas`
--
ALTER TABLE `escuelas`
  MODIFY `id` bigint(20) UNSIGNED NOT NULL AUTO_INCREMENT, AUTO_INCREMENT=37;

--
-- AUTO_INCREMENT de la tabla `estados`
--
ALTER TABLE `estados`
  MODIFY `id` bigint(20) UNSIGNED NOT NULL AUTO_INCREMENT, AUTO_INCREMENT=4;

--
-- AUTO_INCREMENT de la tabla `facultades`
--
ALTER TABLE `facultades`
  MODIFY `id` bigint(20) UNSIGNED NOT NULL AUTO_INCREMENT, AUTO_INCREMENT=20;

--
-- AUTO_INCREMENT de la tabla `inscritos`
--
ALTER TABLE `inscritos`
  MODIFY `id` bigint(20) UNSIGNED NOT NULL AUTO_INCREMENT, AUTO_INCREMENT=341;

--
-- AUTO_INCREMENT de la tabla `migrations`
--
ALTER TABLE `migrations`
  MODIFY `id` int(10) UNSIGNED NOT NULL AUTO_INCREMENT, AUTO_INCREMENT=14;

--
-- AUTO_INCREMENT de la tabla `permissions`
--
ALTER TABLE `permissions`
  MODIFY `id` bigint(20) UNSIGNED NOT NULL AUTO_INCREMENT, AUTO_INCREMENT=6;

--
-- AUTO_INCREMENT de la tabla `permission_role`
--
ALTER TABLE `permission_role`
  MODIFY `id` bigint(20) UNSIGNED NOT NULL AUTO_INCREMENT, AUTO_INCREMENT=4;

--
-- AUTO_INCREMENT de la tabla `roles`
--
ALTER TABLE `roles`
  MODIFY `id` bigint(20) UNSIGNED NOT NULL AUTO_INCREMENT, AUTO_INCREMENT=3;

--
-- AUTO_INCREMENT de la tabla `role_user`
--
ALTER TABLE `role_user`
  MODIFY `id` int(11) NOT NULL AUTO_INCREMENT, AUTO_INCREMENT=39;

--
-- Restricciones para tablas volcadas
--

--
-- Filtros para la tabla `delegados`
--
ALTER TABLE `delegados`
  ADD CONSTRAINT `delegados_deporte_id` FOREIGN KEY (`deporte_id`) REFERENCES `deportes` (`id`),
  ADD CONSTRAINT `delegados_escuela_id` FOREIGN KEY (`escuela_id`) REFERENCES `escuelas` (`id`),
  ADD CONSTRAINT `delegados_user_id` FOREIGN KEY (`user_id`) REFERENCES `users` (`id`);

--
-- Filtros para la tabla `escuelas`
--
ALTER TABLE `escuelas`
  ADD CONSTRAINT `escuelas_facultad_id_foreign` FOREIGN KEY (`facultad_id`) REFERENCES `facultades` (`id`) ON DELETE CASCADE;

--
-- Filtros para la tabla `inscritos`
--
ALTER TABLE `inscritos`
  ADD CONSTRAINT `inscritos_deporte_id_foreign` FOREIGN KEY (`deporte_id`) REFERENCES `deportes` (`id`) ON DELETE CASCADE,
  ADD CONSTRAINT `inscritos_escuela_id_foreign` FOREIGN KEY (`escuela_id`) REFERENCES `escuelas` (`id`) ON DELETE CASCADE,
  ADD CONSTRAINT `inscritos_estado_id_foreign` FOREIGN KEY (`estado_id`) REFERENCES `estados` (`id`) ON DELETE CASCADE,
  ADD CONSTRAINT `inscritos_user_id_foreign` FOREIGN KEY (`user_id`) REFERENCES `users` (`id`) ON DELETE CASCADE;

--
-- Filtros para la tabla `permission_role`
--
ALTER TABLE `permission_role`
  ADD CONSTRAINT `permission_id_fk1` FOREIGN KEY (`permission_id`) REFERENCES `permissions` (`id`),
  ADD CONSTRAINT `role_id_fk1` FOREIGN KEY (`role_id`) REFERENCES `roles` (`id`),
  ADD CONSTRAINT `state_id_fk1` FOREIGN KEY (`state_id`) REFERENCES `estados` (`id`);

--
-- Filtros para la tabla `role_user`
--
ALTER TABLE `role_user`
  ADD CONSTRAINT `role_id_fk` FOREIGN KEY (`role_id`) REFERENCES `roles` (`id`),
  ADD CONSTRAINT `user_id_fk` FOREIGN KEY (`user_id`) REFERENCES `users` (`id`);
COMMIT;

